{"id":14,"date":"2020-09-27T17:17:34","date_gmt":"2020-09-27T17:17:34","guid":{"rendered":"http:\/\/hochzeitvonkatjaundjan.de\/?page_id=14"},"modified":"2022-08-09T12:43:25","modified_gmt":"2022-08-09T10:43:25","slug":"hochzeitsfeier-am-20-03","status":"publish","type":"page","link":"https:\/\/hochzeitvonkatjaundjan.de\/?page_id=14","title":{"rendered":"Hochzeitsfeier am 13.08."},"content":{"rendered":"<p>Nach der Trauung wollen wir mit Euch allen zusammen feiern im M\u00fchlenwerk 1857 a.d. Werre.<\/p>\n<p><a href=\"https:\/\/www.muehlenwerk-1857.de\/\">Webseite des M\u00fchlenwerk 1857<\/a><\/p>\n<p>Dort wird es im gro\u00dfen Saal ab ca. 16.30 Uhr\u00a0 Speis &amp; Trank, Tanz &amp; jede Menge gute Laune geben.<\/p>\n<p>Das M\u00fchlenwerk verf\u00fcgt auch \u00fcber ein Kontingent an Hotelzimmern, welche f\u00fcr uns reserviert sind.<br \/>\nWeitere \u00dcbernachtungsm\u00f6glichkeiten findet Ihr unter <a href=\"https:\/\/hochzeitvonkatjaundjan.de\/?page_id=43\">Hotels<\/a><\/p>\n<p><iframe loading=\"lazy\" style=\"border: 0;\" tabindex=\"0\" src=\"https:\/\/www.google.com\/maps\/embed?pb=!1m18!1m12!1m3!1d1223.071222417865!2d8.669532293865679!3d52.186283442289735!2m3!1f0!2f0!3f0!3m2!1i1024!2i768!4f13.1!3m3!1m2!1s0x47ba13f59a734947%3A0x3264f013d90b4c92!2sM%C3%BChlenwerk%201857!5e0!3m2!1sde!2sde!4v1601214176695!5m2!1sde!2sde\" width=\"600\" height=\"450\" frameborder=\"0\" allowfullscreen=\"allowfullscreen\" aria-hidden=\"false\"><\/iframe><\/p>\n<p>M\u00fchlenwerk 1857 a.d. Werre GmbH<br \/>\nB\u00fcnder Stra\u00dfe 290<br \/>\n32584 L\u00f6hne<\/p>\n","protected":false},"excerpt":{"rendered":"<p>Nach der Trauung wollen wir mit Euch allen zusammen feiern im M\u00fchlenwerk 1857 a.d. Werre. Webseite des M\u00fchlenwerk 1857 Dort wird es im gro\u00dfen Saal ab ca. 16.30 Uhr\u00a0 Speis &amp; Trank, Tanz &amp; jede Menge gute Laune geben. Das M\u00fchlenwerk verf\u00fcgt auch \u00fcber ein Kontingent an Hotelzimmern, welche f\u00fcr uns reserviert sind. Weitere \u00dcbernachtungsm\u00f6glichkeiten &hellip; <a href=\"https:\/\/hochzeitvonkatjaundjan.de\/?page_id=14\" class=\"more-link\"><span class=\"screen-reader-text\">\u201eHochzeitsfeier am 13.08.\u201c <\/span>weiterlesen<\/a><\/p>\n","protected":false},"author":1,"featured_media":0,"parent":17,"menu_order":2,"comment_status":"closed","ping_status":"closed","template":"","meta":{"footnotes":""},"class_list":["post-14","page","type-page","status-publish","hentry"],"_links":{"self":[{"href":"https:\/\/hochzeitvonkatjaundjan.de\/index.php?rest_route=\/wp\/v2\/pages\/14","targetHints":{"allow":["GET"]}}],"collection":[{"href":"https:\/\/hochzeitvonkatjaundjan.de\/index.php?rest_route=\/wp\/v2\/pages"}],"about":[{"href":"https:\/\/hochzeitvonkatjaundjan.de\/index.php?rest_route=\/wp\/v2\/types\/page"}],"author":[{"embeddable":true,"href":"https:\/\/hochzeitvonkatjaundjan.de\/index.php?rest_route=\/wp\/v2\/users\/1"}],"replies":[{"embeddable":true,"href":"https:\/\/hochzeitvonkatjaundjan.de\/index.php?rest_route=%2Fwp%2Fv2%2Fcomments&post=14"}],"version-history":[{"count":5,"href":"https:\/\/hochzeitvonkatjaundjan.de\/index.php?rest_route=\/wp\/v2\/pages\/14\/revisions"}],"predecessor-version":[{"id":259,"href":"https:\/\/hochzeitvonkatjaundjan.de\/index.php?rest_route=\/wp\/v2\/pages\/14\/revisions\/259"}],"up":[{"embeddable":true,"href":"https:\/\/hochzeitvonkatjaundjan.de\/index.php?rest_route=\/wp\/v2\/pages\/17"}],"wp:attachment":[{"href":"https:\/\/hochzeitvonkatjaundjan.de\/index.php?rest_route=%2Fwp%2Fv2%2Fmedia&parent=14"}],"curies":[{"name":"wp","href":"https:\/\/api.w.org\/{rel}","templated":true}]}}